te the highest common factor of 396 and 132858.
198
Calculate the highest common divisor of 21 and 1300131.
21
Calculate the highest common factor of 1410 and 14730.
30
What is the greatest common factor of 165373 and 143?
13
Calculate the greatest common divisor of 832923 and 648.
81
Calculate the greatest common divisor of 51940 and 36260.
980
Calculate the greatest common divisor of 49 and 599529.
7
Calculate the greatest common divisor of 2646 and 4454982.
882
What is the greatest common factor of 11960 and 286442?
598
Calculate the greatest common factor of 9 and 111924.
9
What is the greatest common factor of 76 and 6456?
4
What is the greatest common divisor of 94 and 806755?
47
Calculate the highest common factor of 18 and 7754094.
18
What is the highest common divisor of 4646 and 71254?
46
What is the highest common factor of 578525 and 34870?
1585
Calculate the greatest common factor of 6819 and 3.
3
What is the greatest common divisor of 1016 and 491236?
508
What is the highest common divisor of 69243 and 3?
3
Calculate the highest common divisor of 5258 and 67386.
22
What is the greatest common factor of 128 and 1496?
8
Calculate the greatest common divisor of 8 and 1299768.
8
Calculate the highest common divisor of 923 and 37531.
13
What is the greatest common factor of 360978 and 51?
51
Calculate the highest common divisor of 13534 and 268.
134
Calculate the highest common divisor of 4873 and 895303.
443
Calculate the greatest common divisor of 5530 and 875.
35
What is the highest common factor of 3 and 8139?
3
Calculate the greatest common factor of 1020 and 182716.
68
What is the highest common divisor of 1121312 and 469?
67
Calculate the highest common divisor of 74020 and 120.
20
Calculate the highest common factor of 420 and 3620.
20
What is the highest common divisor of 797939 and 69?
23
What is the highest common divisor of 4064 and 672?
32
What is the greatest common divisor of 1722 and 62706?
42
What is the highest common factor of 221257 and 97?
97
Calculate the greatest common divisor of 24060 and 1080.
60
What is the highest common divisor of 95 and 2964?
19
Calculate the highest common factor of 5058144 and 288.
288
What is the greatest common factor of 4 and 71328?
4
What is the highest common divisor of 56365 and 10?
5
Calculate the greatest common divisor of 124877 and 604.
151
Calculate the highest common divisor of 17763 and 19673.
191
Calculate the highest common divisor of 104813 and 4849.
373
Calculate the highest common divisor of 7648 and 96.
32
What is the greatest common factor of 5697 and 81?
27
What is the highest common divisor of 174 and 3750?
6
What is the highest common divisor of 4528499 and 1868?
467
Calculate the highest common divisor of 3098 and 57313.
1549
What is the highest common divisor of 25126 and 6?
2
Calculate the greatest common divisor of 11191 and 60667.
589
Calculate the highest common factor of 329716 and 155.
31
Calculate the greatest common factor of 711 and 603.
9
What is the highest common divisor of 1568 and 8576?
32
Calculate the highest common divisor of 100 and 5168300.
100
Calculate the greatest common divisor of 54 and 47196.
54
Calculate the highest common factor of 5295 and 645.
15
What is the greatest common divisor of 340 and 49198?
34
Calculate the highest common factor of 14266 and 378.
14
What is the highest common divisor of 5452 and 940?
188
Calculate the highest common divisor of 32 and 25912.
8
Calculate the greatest common factor of 1001718 and 57.
57
What is the greatest common factor of 19184 and 10912?
176
What is the highest common factor of 304830 and 540?
270
Calculate the highest common divisor of 6 and 452406.
6
Calculate the highest common factor of 65 and 1403285.
65
Calculate the greatest common factor of 18988 and 110356.
188
Calculate the highest common divisor of 16875 and 7182.
27
What is the highest common factor of 54342 and 54?
18
What is the highest common factor of 3008 and 192?
64
Calculate the greatest common divisor of 124641 and 8217.
99
Calculate the highest common divisor of 10212 and 16836.
276
What is the greatest common divisor of 41234 and 276190?
778
What is the highest common divisor of 540 and 67905?
135
Calculate the greatest common divisor of 18853 and 217364.
1109
Calculate the greatest common divisor of 48 and 244248.
24
What is the highest common factor of 3201 and 87?
3
What is the greatest common factor of 441 and 852453?
441
Calculate the highest common divisor of 780 and 50505.
195
What is the highest common divisor of 141997 and 2831?
149
What is the highest common divisor of 25168 and 7568?
176
What is the greatest common divisor of 24 and 4404?
12
Calculate the highest common divisor of 5388 and 911919.
1347
What is the highest common factor of 395217 and 9?
9
Calculate the highest common divisor of 33921 and 27.
9
What is the highest common divisor of 10 and 202?
2
Calculate the highest common divisor of 6075 and 9585.
135
Calculate the highest common factor of 68675 and 1005.
335
What is the greatest common divisor of 127785 and 1155?
105
What is the greatest common divisor of 1445843 and 2128?
133
What is the greatest common factor of 4525 and 325?
25
Calculate the highest common factor of 18 and 27289998.
18
Calculate the highest common factor of 21228 and 6954.
366
What is the greatest common factor of 302006 and 41?
41
Calculate the highest common divisor of 40 and 965.
5
What is the greatest common divisor of 880 and 36410?
110
What is the greatest common divisor of 34797 and 21?
21
What is the highest common factor of 472056 and 34?
34
What is the highest common divisor of 552 and 105804?
12
What is the greatest common divisor of 275340 and 780?
780
What is the greatest common factor of 380 and 2592740?
380
Calculate the highest common divisor of 5638623 and 6905.
1381
Calculate the greatest common factor of 27825 and 525.
525
What is the highest common divisor of 4410 and 39870?
90
What is the highest common divisor of 45 and 57744?
9
Calculate the highest common divisor of 1920 and 594240.
960
Calculate the highest common divisor of 836 and 255284.
76
Calculate the highest common factor of 504 and 2952.
72
What is the highest common divisor of 1 and 31509?
1
Calculate the highest common divisor of 9415 and 2275.
35
What is the highest common factor of 44 and 761365?
11
What is the greatest common factor of 4724265 and 455?
455
What is the highest common factor of 5 and 26410?
5
Calculate the greatest common divisor of 2905236 and 72.
36
Calculate the greatest common divisor of 16 and 77048.
8
Calculate the greatest common factor of 204094 and 2.
2
What is the greatest common factor of 8 and 14584?
8
Calculate the greatest common factor of 5124 and 193431.
1281
What is the greatest common factor of 3621 and 24701?
17
What is the greatest common factor of 1548 and 8342?
86
What is the highest common divisor of 270 and 9630?
90
What is the greatest common factor of 3608 and 10802?
22
Calculate the greatest common divisor of 740 and 2310.
10
What is the highest common factor of 1 and 3673?
1
Calculate the greatest common factor of 445 and 30438.
89
What is the greatest common divisor of 1358626 and 134?
134
Calculate the greatest common divisor of 277712 and 32.
16
What is the greatest common divisor of 5641439 and 613?
613
What is the highest common factor of 188012 and 792?
44
Calculate the greatest common factor of 9312 and 152256.
96
What is the greatest common factor of 35793 and 288?
9
What is the highest common factor of 352 and 3368?
8
What is the highest common divisor of 124333 and 3175?
127
Calculate the highest common factor of 206 and 26471.
103
Calculate the greatest common divisor of 6974 and 1969.
11
What is the greatest common divisor of 2870 and 1090?
10
Calculate the greatest common divisor of 1804 and 275.
11
What is the highest common divisor of 238 and 37247?
119
Calculate the greatest common divisor of 40628 and 7084.
28
Calculate the greatest common factor of 34464 and 7584.
96
What is the highest common divisor of 112 and 895496?
56
Calculate the highest common divisor of 50944 and 128.
128
What is the highest common factor of 288 and 31686?
6
Calculate the greatest common factor